{"id":37,"date":"2022-11-07T17:06:19","date_gmt":"2022-11-07T16:06:19","guid":{"rendered":"http:\/\/parking.mairie-amberieuenbugey.fr\/?page_id=37"},"modified":"2022-11-07T17:06:20","modified_gmt":"2022-11-07T16:06:20","slug":"fresident1","status":"publish","type":"page","link":"https:\/\/parking.mairie-amberieuenbugey.fr\/index.php\/fresident1\/","title":{"rendered":"FResident1"},"content":{"rendered":"<div role=\"form\" class=\"wpcf7\" id=\"wpcf7-f14-o1\" lang=\"fr-FR\" dir=\"ltr\">\n<div class=\"screen-reader-response\"><p role=\"status\" aria-live=\"polite\" aria-atomic=\"true\"><\/p> <ul><\/ul><\/div>\n<form action=\"\/index.php\/wp-json\/wp\/v2\/pages\/37#wpcf7-f14-o1\" method=\"post\" class=\"wpcf7-form init\" enctype=\"multipart\/form-data\" novalidate=\"novalidate\" data-status=\"init\">\n<div style=\"display: none;\">\n<input type=\"hidden\" name=\"_wpcf7\" value=\"14\" \/>\n<input type=\"hidden\" name=\"_wpcf7_version\" value=\"5.6.4\" \/>\n<input type=\"hidden\" name=\"_wpcf7_locale\" value=\"fr_FR\" \/>\n<input type=\"hidden\" name=\"_wpcf7_unit_tag\" value=\"wpcf7-f14-o1\" \/>\n<input type=\"hidden\" name=\"_wpcf7_container_post\" value=\"0\" \/>\n<input type=\"hidden\" name=\"_wpcf7_posted_data_hash\" value=\"\" \/>\n<input type=\"hidden\" name=\"_wpcf7cf_hidden_group_fields\" value=\"[]\" \/>\n<input type=\"hidden\" name=\"_wpcf7cf_hidden_groups\" value=\"[]\" \/>\n<input type=\"hidden\" name=\"_wpcf7cf_visible_groups\" value=\"[]\" \/>\n<input type=\"hidden\" name=\"_wpcf7cf_repeaters\" value=\"[]\" \/>\n<input type=\"hidden\" name=\"_wpcf7cf_steps\" value=\"{}\" \/>\n<input type=\"hidden\" name=\"_wpcf7cf_options\" value=\"{&quot;form_id&quot;:14,&quot;conditions&quot;:[{&quot;then_field&quot;:&quot;G-NAvenue&quot;,&quot;and_rules&quot;:[{&quot;if_field&quot;:&quot;NatureV&quot;,&quot;operator&quot;:&quot;equals&quot;,&quot;if_value&quot;:&quot;Avenue&quot;}]},{&quot;then_field&quot;:&quot;G-NLot&quot;,&quot;and_rules&quot;:[{&quot;if_field&quot;:&quot;NatureV&quot;,&quot;operator&quot;:&quot;equals&quot;,&quot;if_value&quot;:&quot;Lotissement&quot;}]},{&quot;then_field&quot;:&quot;G-NRue&quot;,&quot;and_rules&quot;:[{&quot;if_field&quot;:&quot;NatureV&quot;,&quot;operator&quot;:&quot;equals&quot;,&quot;if_value&quot;:&quot;Rue&quot;}]},{&quot;then_field&quot;:&quot;G-NImp&quot;,&quot;and_rules&quot;:[{&quot;if_field&quot;:&quot;NatureV&quot;,&quot;operator&quot;:&quot;equals&quot;,&quot;if_value&quot;:&quot;Impasse&quot;}]},{&quot;then_field&quot;:&quot;G-PRA&quot;,&quot;and_rules&quot;:[{&quot;if_field&quot;:&quot;PRetrait&quot;,&quot;operator&quot;:&quot;equals&quot;,&quot;if_value&quot;:&quot;Par retrait \\u00e0 l&#039;Agora&quot;}]},{&quot;then_field&quot;:&quot;G-NomVAGS&quot;,&quot;and_rules&quot;:[{&quot;if_field&quot;:&quot;NatureV&quot;,&quot;operator&quot;:&quot;equals&quot;,&quot;if_value&quot;:&quot;Avenue&quot;},{&quot;if_field&quot;:&quot;NomVA&quot;,&quot;operator&quot;:&quot;equals&quot;,&quot;if_value&quot;:&quot;G\\u00e9n\\u00e9ral Sarrail&quot;}]},{&quot;then_field&quot;:&quot;G-NomVARS&quot;,&quot;and_rules&quot;:[{&quot;if_field&quot;:&quot;NatureV&quot;,&quot;operator&quot;:&quot;equals&quot;,&quot;if_value&quot;:&quot;Avenue&quot;},{&quot;if_field&quot;:&quot;NomVA&quot;,&quot;operator&quot;:&quot;equals&quot;,&quot;if_value&quot;:&quot;Roger Salengro&quot;}]},{&quot;then_field&quot;:&quot;G-NomVRGN&quot;,&quot;and_rules&quot;:[{&quot;if_field&quot;:&quot;NatureV&quot;,&quot;operator&quot;:&quot;equals&quot;,&quot;if_value&quot;:&quot;Rue&quot;},{&quot;if_field&quot;:&quot;NomVR&quot;,&quot;operator&quot;:&quot;equals&quot;,&quot;if_value&quot;:&quot;Gustave Noblemaire&quot;}]},{&quot;then_field&quot;:&quot;G-NomVI&quot;,&quot;and_rules&quot;:[{&quot;if_field&quot;:&quot;NatureV&quot;,&quot;operator&quot;:&quot;equals&quot;,&quot;if_value&quot;:&quot;Impasse&quot;},{&quot;if_field&quot;:&quot;NomVI&quot;,&quot;operator&quot;:&quot;equals&quot;,&quot;if_value&quot;:&quot;de la Gare&quot;}]},{&quot;then_field&quot;:&quot;G-NomVL&quot;,&quot;and_rules&quot;:[{&quot;if_field&quot;:&quot;NatureV&quot;,&quot;operator&quot;:&quot;equals&quot;,&quot;if_value&quot;:&quot;Lotissement&quot;},{&quot;if_field&quot;:&quot;NomVL&quot;,&quot;operator&quot;:&quot;equals&quot;,&quot;if_value&quot;:&quot;Le Parc de la Tour&quot;}]},{&quot;then_field&quot;:&quot;G-NomVRNonGN&quot;,&quot;and_rules&quot;:[{&quot;if_field&quot;:&quot;NatureV&quot;,&quot;operator&quot;:&quot;equals&quot;,&quot;if_value&quot;:&quot;Rue&quot;},{&quot;if_field&quot;:&quot;NomVR&quot;,&quot;operator&quot;:&quot;equals&quot;,&quot;if_value&quot;:&quot;Auguste Isaac&quot;}]},{&quot;then_field&quot;:&quot;G-NomVRNonGN&quot;,&quot;and_rules&quot;:[{&quot;if_field&quot;:&quot;NatureV&quot;,&quot;operator&quot;:&quot;equals&quot;,&quot;if_value&quot;:&quot;Rue&quot;},{&quot;if_field&quot;:&quot;NomVR&quot;,&quot;operator&quot;:&quot;equals&quot;,&quot;if_value&quot;:&quot;Berthelot&quot;}]},{&quot;then_field&quot;:&quot;G-NomVRNonGN&quot;,&quot;and_rules&quot;:[{&quot;if_field&quot;:&quot;NatureV&quot;,&quot;operator&quot;:&quot;equals&quot;,&quot;if_value&quot;:&quot;Rue&quot;},{&quot;if_field&quot;:&quot;NomVR&quot;,&quot;operator&quot;:&quot;equals&quot;,&quot;if_value&quot;:&quot;Emile Bravet&quot;}]},{&quot;then_field&quot;:&quot;G-NomVRNonGN&quot;,&quot;and_rules&quot;:[{&quot;if_field&quot;:&quot;NatureV&quot;,&quot;operator&quot;:&quot;equals&quot;,&quot;if_value&quot;:&quot;Rue&quot;},{&quot;if_field&quot;:&quot;NomVR&quot;,&quot;operator&quot;:&quot;equals&quot;,&quot;if_value&quot;:&quot;Gustave Noblemaire&quot;}]},{&quot;then_field&quot;:&quot;G-NomVRNonGN&quot;,&quot;and_rules&quot;:[{&quot;if_field&quot;:&quot;NatureV&quot;,&quot;operator&quot;:&quot;equals&quot;,&quot;if_value&quot;:&quot;Rue&quot;},{&quot;if_field&quot;:&quot;NomVR&quot;,&quot;operator&quot;:&quot;equals&quot;,&quot;if_value&quot;:&quot;Jean Jaur\\u00e8s&quot;}]},{&quot;then_field&quot;:&quot;G-NomVRNonGN&quot;,&quot;and_rules&quot;:[{&quot;if_field&quot;:&quot;NatureV&quot;,&quot;operator&quot;:&quot;equals&quot;,&quot;if_value&quot;:&quot;Rue&quot;},{&quot;if_field&quot;:&quot;NomVR&quot;,&quot;operator&quot;:&quot;equals&quot;,&quot;if_value&quot;:&quot;Jules Ferry&quot;}]},{&quot;then_field&quot;:&quot;G-NomVRNonGN&quot;,&quot;and_rules&quot;:[{&quot;if_field&quot;:&quot;NatureV&quot;,&quot;operator&quot;:&quot;equals&quot;,&quot;if_value&quot;:&quot;Rue&quot;},{&quot;if_field&quot;:&quot;NomVR&quot;,&quot;operator&quot;:&quot;equals&quot;,&quot;if_value&quot;:&quot;Louis Armand&quot;}]},{&quot;then_field&quot;:&quot;G-NomVRNonGN&quot;,&quot;and_rules&quot;:[{&quot;if_field&quot;:&quot;NatureV&quot;,&quot;operator&quot;:&quot;equals&quot;,&quot;if_value&quot;:&quot;Rue&quot;},{&quot;if_field&quot;:&quot;NomVR&quot;,&quot;operator&quot;:&quot;equals&quot;,&quot;if_value&quot;:&quot;Maurice Margot&quot;}]},{&quot;then_field&quot;:&quot;G-NomVRNonGN&quot;,&quot;and_rules&quot;:[{&quot;if_field&quot;:&quot;NatureV&quot;,&quot;operator&quot;:&quot;equals&quot;,&quot;if_value&quot;:&quot;Rue&quot;},{&quot;if_field&quot;:&quot;NomVR&quot;,&quot;operator&quot;:&quot;equals&quot;,&quot;if_value&quot;:&quot;Pasteur&quot;}]},{&quot;then_field&quot;:&quot;G-NomVRNonGN&quot;,&quot;and_rules&quot;:[{&quot;if_field&quot;:&quot;NatureV&quot;,&quot;operator&quot;:&quot;equals&quot;,&quot;if_value&quot;:&quot;Rue&quot;},{&quot;if_field&quot;:&quot;NomVR&quot;,&quot;operator&quot;:&quot;equals&quot;,&quot;if_value&quot;:&quot;Phoenix&quot;}]}],&quot;settings&quot;:{&quot;animation&quot;:&quot;yes&quot;,&quot;animation_intime&quot;:200,&quot;animation_outtime&quot;:200,&quot;conditions_ui&quot;:&quot;normal&quot;,&quot;notice_dismissed&quot;:false}}\" \/>\n<\/div>\n<p><html><br \/>\n<head><\/p>\n<style>\n<!--\n \/* Style Definitions *\/<\/p>\n<p>p.MsoListParagraphCxSpMiddle, li.MsoListParagraphCxSpMiddle, div.MsoListParagraphCxSpMiddle\n\t{margin-top:0.2cm;\n\tmargin-right:0cm;\n\tmargin-bottom:0cm;\n\tmargin-left:18.0pt;\n\tline-height:100%;\n\tfont-size:11.0pt;\n\tfont-family:\"Calibri\",sans-serif;}\np.MsoListParagraphCxSpLast, li.MsoListParagraphCxSpLast, div.MsoListParagraphCxSpLast\n\t{margin-top:0.2cm;\n\tmargin-right:0cm;\n\tmargin-bottom:0.2cm;\n\tmargin-left:18.0pt;\n\tline-height:100%;\n\tfont-size:11.0pt;\n\tfont-family:\"Calibri\",sans-serif;}\n-->\n<\/style>\n<p><\/head><br \/>\n<body lang=FR><\/p>\n<h2>Formulaire de demande stationnement r\u00e9sident<\/h2>\n<p class=titre style='color:red; font-size:10.0pt; '>* Champs Obligatoires<\/p>\n<h3>Demandeur<\/h3>\n<p> Civilit\u00e9 *         <span class=\"wpcf7-form-control-wrap Civilite\">\n            <select aria-required=\"true\" name=\"Civilite\" class=\"wpcf7-form-control wpcf7-select wpcf7-validates-as-required\">\n                                <option value=\"0\">- - -<\/option>\n                                <option value=\"Madame\">Madame<\/option>\n                                <option value=\"Monsieur\">Monsieur<\/option>\n                            <\/select>\n                    <\/span>\n        <\/p>\n<p> Nom * <span class=\"wpcf7-form-control-wrap\" data-name=\"Nom\"><input type=\"text\" name=\"Nom\" value=\"\" size=\"40\" class=\"wpcf7-form-control wpcf7-text wpcf7-validates-as-required\" aria-required=\"true\" aria-invalid=\"false\" \/><\/span> <\/p>\n<p> Pr\u00e9nom * <span class=\"wpcf7-form-control-wrap\" data-name=\"Prenom\"><input type=\"text\" name=\"Prenom\" value=\"\" size=\"40\" class=\"wpcf7-form-control wpcf7-text wpcf7-validates-as-required\" aria-required=\"true\" aria-invalid=\"false\" \/><\/span> <\/p>\n<p> Mobile ** <span class=\"wpcf7-form-control-wrap\" data-name=\"Mobile\"><input type=\"tel\" name=\"Mobile\" value=\"\" size=\"40\" class=\"wpcf7-form-control wpcf7-text wpcf7-tel wpcf7-validates-as-tel\" aria-invalid=\"false\" \/><\/span><\/p>\n<p> Votre adresse de messagerie * <span class=\"wpcf7-form-control-wrap\" data-name=\"your-email\"><input type=\"email\" name=\"your-email\" value=\"\" size=\"40\" class=\"wpcf7-form-control wpcf7-text wpcf7-email wpcf7-validates-as-required wpcf7-validates-as-email\" aria-required=\"true\" aria-invalid=\"false\" \/><\/span> <\/p>\n<p class=titre style='color:green; font-size:10.0pt; '>** optionnelles - Destin\u00e9es \u00e0 faciliter les \u00e9changes lors de l'instruction, du dossier<\/p>\n<h3>D\u00e9claration de domicile<\/h3>\n<p> Adresse *<\/p>\n<p>        <span class=\"wpcf7-form-control-wrap NatureV\">\n            <select aria-required=\"true\" name=\"NatureV\" class=\"wpcf7-form-control wpcf7-select wpcf7-validates-as-required\">\n                                <option value=\"\" selected=\"selected\">- - -<\/option>\n                                <option value=\"Avenue\">Avenue<\/option>\n                                <option value=\"Impasse\">Impasse<\/option>\n                                <option value=\"Lotissement\">Lotissement<\/option>\n                                <option value=\"Rue\">Rue<\/option>\n                            <\/select>\n                    <\/span>\n        \n<div data-id=\"G-NAvenue\" data-orig_data_id=\"G-NAvenue\"  data-class=\"wpcf7cf_group\">        <span class=\"wpcf7-form-control-wrap NomVA\">\n            <select aria-required=\"true\" name=\"NomVA\" class=\"wpcf7-form-control wpcf7-select wpcf7-validates-as-required\">\n                                <option value=\"\" selected=\"selected\">- - -<\/option>\n                                <option value=\"G\u00e9n\u00e9ral Sarrail\">G\u00e9n\u00e9ral Sarrail<\/option>\n                                <option value=\"Roger Salengro\">Roger Salengro<\/option>\n                            <\/select>\n                    <\/span>\n        \n<div data-id=\"G-NomVAGS\" data-orig_data_id=\"G-NomVAGS\"  data-class=\"wpcf7cf_group\">\n<p> N\u00b0 de la voie * <span class=\"wpcf7-form-control-wrap\" data-name=\"NumVAGS\"><input type=\"text\" name=\"NumVAGS\" value=\"\" size=\"40\" class=\"wpcf7-form-control wpcf7-text wpcf7-validates-as-required\" aria-required=\"true\" aria-invalid=\"false\" \/><\/span> <\/p>\n<p class=titre style='color:red; font-size:10.0pt; '>* Adresses du 60 au 82 exclus du p\u00e9rim\u00e8tre<\/p>\n<p> N\u00b0 Logement <span class=\"wpcf7-form-control-wrap\" data-name=\"NumLogAGS\"><input type=\"text\" name=\"NumLogAGS\" value=\"\" size=\"40\" class=\"wpcf7-form-control wpcf7-text\" aria-invalid=\"false\" \/><\/span><\/p>\n<\/div>\n<div data-id=\"G-NomVARS\" data-orig_data_id=\"G-NomVARS\"  data-class=\"wpcf7cf_group\">\n<p> N\u00b0 de la voie * <span class=\"wpcf7-form-control-wrap\" data-name=\"NumVARS\"><input type=\"text\" name=\"NumVARS\" value=\"\" size=\"40\" class=\"wpcf7-form-control wpcf7-text wpcf7-validates-as-required\" aria-required=\"true\" aria-invalid=\"false\" \/><\/span> <\/p>\n<p class=titre style='color:red; font-size:10.0pt; '>* Adresses du 2 au 14 et  du 1 au 37 exclus du p\u00e9rim\u00e8tre<\/p>\n<p> N\u00b0 Logement <span class=\"wpcf7-form-control-wrap\" data-name=\"NumLogARS\"><input type=\"text\" name=\"NumLogARS\" value=\"\" size=\"40\" class=\"wpcf7-form-control wpcf7-text\" aria-invalid=\"false\" \/><\/span><\/p>\n<\/div>\n<\/div>\n<div data-id=\"G-NLot\" data-orig_data_id=\"G-NLot\"  data-class=\"wpcf7cf_group\">         <span class=\"wpcf7-form-control-wrap NomVL\">\n            <select aria-required=\"true\" name=\"NomVL\" class=\"wpcf7-form-control wpcf7-select wpcf7-validates-as-required\">\n                                <option value=\"\" selected=\"selected\">- - -<\/option>\n                                <option value=\"Le Parc de la Tour\">Le Parc de la Tour<\/option>\n                            <\/select>\n                    <\/span>\n        \n<div data-id=\"G-NomVL\" data-orig_data_id=\"G-NomVL\"  data-class=\"wpcf7cf_group\">\n<p> N\u00b0 de la voie * <span class=\"wpcf7-form-control-wrap\" data-name=\"NumVL\"><input type=\"text\" name=\"NumVL\" value=\"\" size=\"40\" class=\"wpcf7-form-control wpcf7-text wpcf7-validates-as-required\" aria-required=\"true\" aria-invalid=\"false\" \/><\/span><\/p>\n<p> N\u00b0 Logement <span class=\"wpcf7-form-control-wrap\" data-name=\"NumLogL\"><input type=\"text\" name=\"NumLogL\" value=\"\" size=\"40\" class=\"wpcf7-form-control wpcf7-text\" aria-invalid=\"false\" \/><\/span><\/p>\n<\/div>\n<\/div>\n<div data-id=\"G-NRue\" data-orig_data_id=\"G-NRue\"  data-class=\"wpcf7cf_group\">        <span class=\"wpcf7-form-control-wrap NomVR\">\n            <select aria-required=\"true\" name=\"NomVR\" class=\"wpcf7-form-control wpcf7-select wpcf7-validates-as-required\">\n                                <option value=\"\" selected=\"selected\">- - -<\/option>\n                                <option value=\"Auguste Isaac\">Auguste Isaac<\/option>\n                                <option value=\"Berthelot\">Berthelot<\/option>\n                                <option value=\"Emile Bravet\">Emile Bravet<\/option>\n                                <option value=\"Gustave Noblemaire\">Gustave Noblemaire<\/option>\n                                <option value=\"Jean Jaur\u00e8s\">Jean Jaur\u00e8s<\/option>\n                                <option value=\"Jules Ferry\">Jules Ferry<\/option>\n                                <option value=\"Louis Armand\">Louis Armand<\/option>\n                                <option value=\"Maurice Margot\">Maurice Margot<\/option>\n                                <option value=\"Pasteur\">Pasteur<\/option>\n                                <option value=\"Phoenix\">Phoenix<\/option>\n                            <\/select>\n                    <\/span>\n        \n<div data-id=\"G-NomVRNonGN\" data-orig_data_id=\"G-NomVRNonGN\"  data-class=\"wpcf7cf_group\">\n<p> N\u00b0 de la voie * <span class=\"wpcf7-form-control-wrap\" data-name=\"NumVR\"><input type=\"text\" name=\"NumVR\" value=\"\" size=\"40\" class=\"wpcf7-form-control wpcf7-text wpcf7-validates-as-required\" aria-required=\"true\" aria-invalid=\"false\" \/><\/span> <\/p>\n<div data-id=\"G-NomVRGN\" data-orig_data_id=\"G-NomVRGN\"  data-class=\"wpcf7cf_group\">\n<p class=titre style='color:red; font-size:10.0pt; '>* Adresses du 22 au 28 exclus du p\u00e9rim\u00e8tre<\/p>\n<\/div>\n<p> N\u00b0 Logement <span class=\"wpcf7-form-control-wrap\" data-name=\"NumLogR\"><input type=\"text\" name=\"NumLogR\" value=\"\" size=\"40\" class=\"wpcf7-form-control wpcf7-text\" aria-invalid=\"false\" \/><\/span><\/p>\n<\/div>\n<\/div>\n<div data-id=\"G-NImp\" data-orig_data_id=\"G-NImp\"  data-class=\"wpcf7cf_group\">         <span class=\"wpcf7-form-control-wrap NomVI\">\n            <select aria-required=\"true\" name=\"NomVI\" class=\"wpcf7-form-control wpcf7-select wpcf7-validates-as-required\">\n                                <option value=\"\" selected=\"selected\">- - -<\/option>\n                                <option value=\"de la Gare\">de la Gare<\/option>\n                            <\/select>\n                    <\/span>\n        \n<div data-id=\"G-NomVI\" data-orig_data_id=\"G-NomVI\"  data-class=\"wpcf7cf_group\">\n<p> N\u00b0 de la voie * <span class=\"wpcf7-form-control-wrap\" data-name=\"NumVI\"><input type=\"text\" name=\"NumVI\" value=\"\" size=\"40\" class=\"wpcf7-form-control wpcf7-text wpcf7-validates-as-required\" aria-required=\"true\" aria-invalid=\"false\" \/><\/span><\/p>\n<p> N\u00b0 Logement <span class=\"wpcf7-form-control-wrap\" data-name=\"NumLogI\"><input type=\"text\" name=\"NumLogI\" value=\"\" size=\"40\" class=\"wpcf7-form-control wpcf7-text\" aria-invalid=\"false\" \/><\/span><\/p>\n<\/div>\n<\/div>\n<p class=titre style='color:orange; font-size:10.0pt; '>Seules les adresses r\u00e9f\u00e9renc\u00e9es sont concern\u00e9es par la carte de r\u00e9sident<\/p>\n<h3>V\u00e9hicule<\/h3>\n<p> Mod\u00e8le * <span class=\"wpcf7-form-control-wrap\" data-name=\"Modele\"><input type=\"text\" name=\"Modele\" value=\"\" size=\"40\" class=\"wpcf7-form-control wpcf7-text wpcf7-validates-as-required\" aria-required=\"true\" aria-invalid=\"false\" \/><\/span> <\/p>\n<p> Marque * <span class=\"wpcf7-form-control-wrap\" data-name=\"Marque\"><input type=\"text\" name=\"Marque\" value=\"\" size=\"40\" class=\"wpcf7-form-control wpcf7-text wpcf7-validates-as-required\" aria-required=\"true\" aria-invalid=\"false\" \/><\/span> <\/p>\n<p> Num\u00e9ro d'immatriculation *  <span class=\"wpcf7-form-control-wrap\" data-name=\"Immat\"><input type=\"text\" name=\"Immat\" value=\"\" size=\"40\" class=\"wpcf7-form-control wpcf7-text wpcf7-validates-as-required\" aria-required=\"true\" aria-invalid=\"false\" \/><\/span> <\/p>\n<h3>Pi\u00e8ces \u00e0 fournir<\/h3>\n<p> Pi\u00e8ce d'identit\u00e9 *<\/p>\n<p class=label style='text-align:center; color:#2E74B5; margin-top:0.0pt; margin-bottom:10.0pt'><span class=\"wpcf7-form-control-wrap\" data-name=\"Identite\"><input type=\"file\" name=\"Identite\" size=\"40\" class=\"wpcf7-form-control wpcf7-file wpcf7-validates-as-required\" accept=\".gif,.png,.jpg,.jpeg,.pdf\" aria-required=\"true\" aria-invalid=\"false\" \/><\/span> <\/p>\n<p> Justificatif de domicile de moins de 3 mois (Quittance EDF, ....) *<\/p>\n<p class=label style='text-align:center; color:#2E74B5; margin-top:0.0pt; margin-bottom:10.0pt'><span class=\"wpcf7-form-control-wrap\" data-name=\"domicile\"><input type=\"file\" name=\"domicile\" size=\"40\" class=\"wpcf7-form-control wpcf7-file wpcf7-validates-as-required\" accept=\".gif,.png,.jpg,.jpeg,.pdf\" aria-required=\"true\" aria-invalid=\"false\" \/><\/span> <\/p>\n<p> Carte grise du v\u00e9hicule concern\u00e9 (v\u00e9hicule de fonction autoris\u00e9) *<\/p>\n<p class=label style='text-align:center; color:#2E74B5; margin-top:0.0pt; margin-bottom:10.0pt'><span class=\"wpcf7-form-control-wrap\" data-name=\"CarteGrise\"><input type=\"file\" name=\"CarteGrise\" size=\"40\" class=\"wpcf7-form-control wpcf7-file wpcf7-validates-as-required\" accept=\".gif,.png,.jpg,.jpeg,.pdf\" aria-required=\"true\" aria-invalid=\"false\" \/><\/span> <\/p>\n<h3>Modalit\u00e9 de retrait<\/h3>\n<p> Comment d\u00e9sirez-vous recevoir votre carte de r\u00e9sident ? *<\/p>\n<p style='text-align:center'>         <span class=\"wpcf7-form-control-wrap PRetrait\">\n            <select aria-required=\"true\" name=\"PRetrait\" class=\"wpcf7-form-control wpcf7-select wpcf7-validates-as-required\">\n                                <option value=\"0\">- - -<\/option>\n                                <option value=\"Par courrier\">Par courrier<\/option>\n                                <option value=\"Par retrait \u00e0 l&#039;Agora\">Par retrait \u00e0 l&#039;Agora<\/option>\n                            <\/select>\n                    <\/span>\n          <span data-id=\"G-PRA\" data-orig_data_id=\"G-PRA\" data-clear_on_hide data-class=\"wpcf7cf_group\"> <a style='color:blue; font-family:\"Arial Black\"' href=\"http:\/\/www.ville-amberieuenbugey.fr\/L-Agora-un-nouveau-pole-de-services.html\" target=\"_blank\"> Informations<\/a><\/span>  <\/p>\n<h3>Conditions d\u2019usages<\/h3>\n<div style='border:solid windowtext 1.0pt;padding:1.0pt 4.0pt 1.0pt 4.0pt;<br \/>\nmargin-left:2pt;margin-right:0cm'>\n<p class=MsoListParagraphCxSpMiddle style='margin-left:2.0pt;text-align:justify;<br \/>\ntext-indent:-18.0pt;border:none;padding:0cm'><span style='font-family:Symbol'>\u00b7<\/span> Seuls les personnes r\u00e9sidentes peuvent b\u00e9n\u00e9ficier de ce dispositif.<\/p>\n<p class=MsoListParagraphCxSpMiddle style='margin-left:2.0pt;text-align:justify;<br \/>\ntext-indent:-18.0pt;border:none;padding:0cm'><span style='font-family:Symbol'>\u00b7<\/span> La \u00ab&nbsp;carte r\u00e9sident zone bleue&nbsp;\u00bb est d\u00e9livr\u00e9e pour une seule immatriculation. Tout changement de v\u00e9hicule ou d\u2019immatriculation doit faire l\u2019objet d\u2019une nouvelle demande.<\/p>\n<p class=MsoListParagraphCxSpMiddle style='margin-left:2.0pt;text-align:justify;<br \/>\ntext-indent:-18.0pt;border:none;padding:0cm'><span style='font-family:Symbol'>\u00b7<\/span> La carte de stationnement est incessible.<\/p>\n<p class=MsoListParagraphCxSpMiddle style='margin-left:2.0pt;text-align:justify;<br \/>\ntext-indent:-18.0pt;border:none;padding:0cm'><span style='font-family:Symbol'>\u00b7<\/span> Toute contrefa\u00e7on est interdite et sera poursuivie.<\/p>\n<p class=MsoListParagraphCxSpLast style='margin-left:2.0pt;text-align:justify;<br \/>\ntext-indent:-18.0pt;border:none;padding:0cm'><span style='font-family:Symbol'>\u00b7<\/span> La \u00ab&nbsp;carte de r\u00e9sident zone bleue&nbsp;\u00bb devra \u00eatre appos\u00e9e en permanence et en \u00e9vidence derri\u00e8re le parebrise sur le tableau de bord.<\/p>\n<\/div>\n<p><br><\/p>\n<p align=center> <input type=\"submit\" value=\"Envoyer\" class=\"wpcf7-form-control has-spinner wpcf7-submit\" \/> <\/p>\n<p><\/body><\/p>\n<p><\/html><\/p>\n<div class=\"wpcf7-response-output\" aria-hidden=\"true\"><\/div><\/form><\/div>\n\n\n\n<p><\/p>\n","protected":false},"excerpt":{"rendered":"","protected":false},"author":1,"featured_media":0,"parent":0,"menu_order":0,"comment_status":"closed","ping_status":"closed","template":"","meta":{"footnotes":""},"class_list":["post-37","page","type-page","status-publish","hentry"],"_links":{"self":[{"href":"https:\/\/parking.mairie-amberieuenbugey.fr\/index.php\/wp-json\/wp\/v2\/pages\/37","targetHints":{"allow":["GET"]}}],"collection":[{"href":"https:\/\/parking.mairie-amberieuenbugey.fr\/index.php\/wp-json\/wp\/v2\/pages"}],"about":[{"href":"https:\/\/parking.mairie-amberieuenbugey.fr\/index.php\/wp-json\/wp\/v2\/types\/page"}],"author":[{"embeddable":true,"href":"https:\/\/parking.mairie-amberieuenbugey.fr\/index.php\/wp-json\/wp\/v2\/users\/1"}],"replies":[{"embeddable":true,"href":"https:\/\/parking.mairie-amberieuenbugey.fr\/index.php\/wp-json\/wp\/v2\/comments?post=37"}],"version-history":[{"count":1,"href":"https:\/\/parking.mairie-amberieuenbugey.fr\/index.php\/wp-json\/wp\/v2\/pages\/37\/revisions"}],"predecessor-version":[{"id":39,"href":"https:\/\/parking.mairie-amberieuenbugey.fr\/index.php\/wp-json\/wp\/v2\/pages\/37\/revisions\/39"}],"wp:attachment":[{"href":"https:\/\/parking.mairie-amberieuenbugey.fr\/index.php\/wp-json\/wp\/v2\/media?parent=37"}],"curies":[{"name":"wp","href":"https:\/\/api.w.org\/{rel}","templated":true}]}}